1 - (-6)/(-21).
2
Suppose -s + 2*y = -50, y = 2*s - 70 - 30. What are the prime factors of s?
2, 5
Let q(x) = 1 + x - 2*x**3 - x + 4*x**2 + x**3. List the prime factors of q(3).
2, 5
Let n = 65 - 43. List the prime factors of n.
2, 11
Suppose 4*v - 5*v + 3*p - 1 = 0, -5*v + 5*p + 25 = 0. What are the prime factors of v?
2
Suppose -5*q - 376 = -3*s - 0*s, 3*q = -s + 116. List the prime factors of s.
2, 61
Let i(w) = w**3 + 17*w**2 + 29*w + 8. What are the prime factors of i(-15)?
23
Let v(f) = f**2 - 3*f + 3. Let m be v(4). Let t = m + -3. Suppose -17 = -a + t*q, 0 - 2 = 2*q. What are the prime factors of a?
13
Suppose -2*d = -4*x - 12, -x + 15 = 3*d + d. Let u be (-1)/(2 - 33/17). List the prime factors of (u/3)/(x/3).
17
Let z(v) = -v**3 + v**2. Let q(k) = -2*k**3 + 3*k**2 - 4*k + 3. Let s(n) = -q(n) + z(n). Let g = 9 - 7. List the prime factors of s(g).
5
Let i(x) = x**3 - 8*x**2 + 8*x + 3. Let s(b) = -b**2 + 8*b + 7. Let g be s(8). List the prime factors of i(g).
2, 5
Suppose 4*a - a = 4*v + 166, 0 = 5*a - 5*v - 285. What are the prime factors of a?
2, 31
Let n = -420 - -593. List the prime factors of n.
173
Let v be (-5)/(-1)*34/5. Suppose 4*f + 154 = 5*w, -v = -3*w + 2*w + 4*f. List the prime factors of w.
2, 3, 5
Let r be 0/(-3) - -5 - 2. Let s(u) = u**3 - u**2 + 2*u - 3. Let y be s(r). Suppose 0 = 2*d + d - y. What are the prime factors of d?
7
What are the prime factors of ((-2)/(-4))/(4/2120)?
5, 53
Let z = 130 + 8. What are the prime factors of z?
2, 3, 23
Let x be 0 + -2 - (7 - 14). Suppose 4*s - 2 = k - 11, -4*s - 29 = -x*k. List the prime factors of k.
5
Let l(s) = 3*s + 9. Let m be l(6). Suppose j + 0*f - 4*f = m, 4*j - 2*f = 80. What are the prime factors of j?
19
Suppose 5*c - 1 + 6 = 0, 2*p - 3 = 3*c. Let k = 19 - p. What are the prime factors of k?
19
List the prime factors of 12/(-42) - 256/(-14).
2, 3
Let r = 241 + 169. What are the prime factors of r?
2, 5, 41
Suppose -36 = 4*n - 7*n. What are the prime factors of n?
2, 3
Suppose 7*z = 29 - 8. What are the prime factors of z?
3
Suppose 51 = -4*h - 45. Let q = h + 40. List the prime factors of q.
2
Let g = -207 - -291. Suppose g = -8*t + 4*t. Let p = -6 - t. What are the prime factors of p?
3, 5
Let s(l) = l + 4. Let b be s(-4). Suppose b = -0*y + y - 6. What are the prime factors of y?
2, 3
Let y be (-24)/(-9) + 12/9. Suppose 5*t - 14 = u, 3*u = -u + y. List the prime factors of t.
3
Suppose 0*t = -t + 2. Suppose -t*v + 78 = v. What are the prime factors of v?
2, 13
Suppose -249 = -4*c + 11. What are the prime factors of c?
5, 13
Let w be 57/(-9) - 6/9. Let k(i) = -2*i + 2. List the prime factors of k(w).
2
Suppose -4*w + 15 = -45. Let m = -15 + 30. List the prime factors of (-3)/m - (-123)/w.
2
Suppose -4*v + 4*j + 94 = 22, 0 = -5*v + 2*j + 87. Suppose 5*m - 13 = 2*l - 0*m, 4*l + v = m. Let b = l + 11. What are the prime factors of b?
7
Let d(x) = x**3 - x**2 - x + 22. Let t be d(0). Suppose -2*l + 46 = -k, -2*l - 5*k + 0*k = -t. What are the prime factors of l?
3, 7
Suppose 0 = -3*o - 5*f + 65, 80 = 3*o + 2*f - 0*f. List the prime factors of o.
2, 3, 5
Suppose -2*c = 2, -3*f = 4*c - 27 - 14. Suppose 5*k = 15 + f. What are the prime factors of k?
2, 3
Let j(w) = 13*w. Let d be j(2). What are the prime factors of 4/d - (-802)/26?
31
Suppose 69 = 10*n - 341. List the prime factors of n.
41
Suppose 0 = -h + 6 - 4. Suppose -l + 0*l + 10 = 0. What are the prime factors of h/1 - (0 - l)?
2, 3
What are the prime factors of -5*((-28)/(-5))/(-4)?
7
Let r = 87 + 15. List the prime factors of r.
2, 3, 17
Let g be (-2)/(-3 + 2 - -3). Let f = g - -3. Suppose -z - f = -m, 3*z + 3*m - 22 = -2*z. List the prime factors of z.
2
Let p = 143 - 209. Let y = 97 + p. List the prime factors of y.
31
Suppose -148 = -117*b + 115*b. List the prime factors of b.
2, 37
List the prime factors of (-11)/(-44) + (-798)/(-8).
2, 5
Let q = 1 - 3. Let h = q + 5. Suppose h*u + u + 5*d - 49 = 0, -2*d - 42 = -4*u. What are the prime factors of u?
11
Let i(h) = -h**3 + 4*h**2 - 2*h - 2. Let y be i(2). Suppose -3 = u - y. List the prime factors of 0 + (-3 + 1)*u.
2
Suppose -2*b = 4*q - 4*b - 62, -2*q + 28 = -4*b. What are the prime factors of q?
2
Suppose 3*d - 4 = -0*p + p, -3*p - 12 = -4*d. Let r(h) = h**3 - h**2 - 1. Let k be r(d). List the prime factors of k/(-5) + (-378)/(-35).
11
Let y be -4*3/(-6) + 36. Let u = 19 - y. Let v = u - -31. What are the prime factors of v?
2, 3
Let h = 4 - -11. Suppose 0 = i + 4*a + 26, -4*a + 5*a + 5 = 0. What are the prime factors of (h/i)/(2/(-8))?
2, 5
Let g = 8 - 6. Suppose 416 = g*t - 6*t. What are the prime factors of ((-1)/(-2))/((-4)/t)?
13
Suppose -3*c - 139 = -727. What are the prime factors of c?
2, 7
Let s(f) = 5*f**2 - 2. What are the prime factors of s(3)?
43
Suppose 0 = 4*v + 217 - 41. List the prime factors of (-2)/(-11) + (-80)/v.
2
Let r = -132 - -190. What are the prime factors of r?
2, 29
Let z(s) = s**3 + 7*s**2 - s - 5. Let c(y) = 2*y + 3. Let k be c(-5). List the prime factors of z(k).
2
What are the prime factors of (0 + -8)*(5 - (-5 + 28))?
2, 3
Let f be (-10)/(-4)*8/10. Let g(q) be the first derivative of q**4/4 + q**2/2 + 1. List the prime factors of g(f).
2, 5
Let i(o) = -o**3 - 5*o**2 - 4*o + 9. Let c(a) = a**3 + 4*a**2 + 3*a - 10. Let r(d) = -5*c(d) - 4*i(d). Let g = 30 - 30. List the prime factors of r(g).
2, 7
Suppose -3*z = 2*r + r - 387, 293 = 2*z - 5*r. What are the prime factors of z?
2, 67
Suppose 8*s = 3*s - 75. Let y = s - -26. What are the prime factors of y?
11
Let l = 375 - 199. List the prime factors of l.
2, 11
Suppose 5 = b + 3*o + 1, -5 = o. List the prime factors of b.
19
Let d be (-77)/(-35) - (-1)/(-5). Let j(v) = v**3 - v - 1. Let m be j(d). Suppose -13 = -3*x + m. What are the prime factors of x?
2, 3
Let p = 5 - 0. Suppose 0*x - 74 = -p*z + 2*x, 3*z = 2*x + 46. List the prime factors of z.
2, 7
Let l(d) = -d. Let r(h) = h + 1. Let u(q) = -5*l(q) - 3*r(q). List the prime factors of u(4).
5
Let i be (-3)/(-9) + 2/(-6). Suppose 2*x = -2*p - i - 6, -20 = -5*p + 2*x. Suppose s + 6 = p*s. What are the prime factors of s?
2, 3
Let t(z) = -z**3 + 4*z**2 + 8*z - 7. What are the prime factors of t(5)?
2
Suppose b + 210 = 5*o, -3*o - b - 2*b + 126 = 0. Let f = 23 - o. Let r = 35 + f. What are the prime factors of r?
2
Let a = 5 + -32. Suppose -2*k = -2*t + 82, 91 = 2*t - k + 10. Let b = a + t. What are the prime factors of b?
13
What are the prime factors of (0 + 8/(-12))*-36?
2, 3
Suppose 20 = -2*k - 4*l - 4, -5*k = -2*l + 108. Let y = -4 - k. List the prime factors of y.
2
Let b(f) = -f**3 + f**2 - 3*f + 3. Let m be b(2). Let t = -2 - m. What are the prime factors of t?
5
Let y be (30/8)/((-3)/(-56)). Let z = -38 + y. List the prime factors of z.
2
Let j = -144 + 247. Suppose a + 4*v + 82 = 3*a, -3*a + 2*v = -j. What are the prime factors of a?
31
Let b be 2/3*(18 - 0). Suppose -3*y - 6 = -2*a - 2*a, 2*a = -3*y + b. What are the prime factors of a?
3
Let f(p) = -p**2 + 8*p - 5. Suppose u = 7 - 1. Let y be f(u). Let z(v) = -v**2 + 8*v - 1. What are the prime factors of z(y)?
2, 3
Suppose -62 = 4*m - 246. What are the prime factors of (m/(-4))/((-2)/4)?
23
Let r(v) = -v**2 + 7*v + 7. Let t be r(7). Suppose 0 = -3*y + 2*c + 34, t*y - 5*c - 50 = 2*y. What are the prime factors of y?
2, 7
Let r be (-5 - -3)/(-2)*3. Suppose 4*g - 3*h = -3 - 5, r*g + 5*h = 23. List the prime factors of -18*g/((-3)/2).
2, 3
Suppose 2*q + 42 = 2*y, -3*q + y - 113 = 2*q. Let p = 43 + q. What are the prime factors of p?
2, 5
Suppose z = -28 + 211. List the prime factors of z.
3, 61
Let v = -215 + 407. What are the prime factors of v?
2, 3
Let j = 10 + -7. Suppose 0 = -j*x + 74 - 17. What are the prime factors of x?
19
Suppose 0 = m - 67 - 5. List the prime factors of m.
2, 3
Let u = -7 - -7. Suppose 2*j - 3 - 15 = u. What are the prime factors of j?
3
Let p be 2*2 - (-4 - -4). Suppose 9 - p = m. List the prime factors of m.
5
Suppose 0*u = -4*u + 88. What are the prime factors of u?
2, 11
What are the prime factors of (-193)/(-2)*(-4)/(-2)?
193
Let n(p) = p - 12. Let u be n(12). Suppose u*b - 124 = -4*b. Suppose 5*k = 4 + b. List the prime factors of k.
7
Suppose -4*s - 55 = -15. Let r(b) = -b**3 - 10*b**2 - 2*b - 8. List the prime factors of r(s).
2, 3
S